{"id":537,"date":"2024-02-26T17:30:37","date_gmt":"2024-02-26T20:30:37","guid":{"rendered":"https:\/\/agenciacnw.com.br\/site7\/?post_type=product&#038;p=537"},"modified":"2024-02-29T12:13:27","modified_gmt":"2024-02-29T15:13:27","slug":"telas-para-viveiros-pinteiros-galinheiros-e-aviarios","status":"publish","type":"product","link":"https:\/\/campoagroto.com.br\/index.php\/produto\/telas-para-viveiros-pinteiros-galinheiros-e-aviarios\/","title":{"rendered":"telas para viveiros, pinteiros, galinheiros e avi\u00e1rios."},"content":{"rendered":"<p>As telas para viveiros, pinteiros, galinheiros e avi\u00e1rios desempenham um papel essencial na cria\u00e7\u00e3o de um ambiente seguro para p\u00e1ssaros e aves. Essas telas proporcionam prote\u00e7\u00e3o contra predadores, contribuem para a circula\u00e7\u00e3o de ar adequada e ajudam a manter um ambiente controlado, garantindo o conforto e a seguran\u00e7a das aves no recinto.<\/p>\n","protected":false},"excerpt":{"rendered":"<p>As telas para viveiros, pinteiros, galinheiros e avi\u00e1rios desempenham um papel essencial na cria\u00e7\u00e3o de um ambiente seguro para p\u00e1ssaros e aves. Essas telas proporcionam prote\u00e7\u00e3o contra predadores, contribuem para a circula\u00e7\u00e3o de ar adequada e ajudam a manter um ambiente controlado, garantindo o conforto e a seguran\u00e7a das aves no recinto.<\/p>\n","protected":false},"featured_media":538,"comment_status":"open","ping_status":"closed","template":"","meta":[],"product_brand":[],"product_cat":[30],"product_tag":[],"class_list":{"0":"post-537","1":"product","2":"type-product","3":"status-publish","4":"has-post-thumbnail","6":"product_cat-loja-02","8":"first","9":"instock","10":"shipping-taxable","11":"product-type-simple"},"_links":{"self":[{"href":"https:\/\/campoagroto.com.br\/index.php\/wp-json\/wp\/v2\/product\/537","targetHints":{"allow":["GET"]}}],"collection":[{"href":"https:\/\/campoagroto.com.br\/index.php\/wp-json\/wp\/v2\/product"}],"about":[{"href":"https:\/\/campoagroto.com.br\/index.php\/wp-json\/wp\/v2\/types\/product"}],"replies":[{"embeddable":true,"href":"https:\/\/campoagroto.com.br\/index.php\/wp-json\/wp\/v2\/comments?post=537"}],"wp:featuredmedia":[{"embeddable":true,"href":"https:\/\/campoagroto.com.br\/index.php\/wp-json\/wp\/v2\/media\/538"}],"wp:attachment":[{"href":"https:\/\/campoagroto.com.br\/index.php\/wp-json\/wp\/v2\/media?parent=537"}],"wp:term":[{"taxonomy":"product_brand","embeddable":true,"href":"https:\/\/campoagroto.com.br\/index.php\/wp-json\/wp\/v2\/product_brand?post=537"},{"taxonomy":"product_cat","embeddable":true,"href":"https:\/\/campoagroto.com.br\/index.php\/wp-json\/wp\/v2\/product_cat?post=537"},{"taxonomy":"product_tag","embeddable":true,"href":"https:\/\/campoagroto.com.br\/index.php\/wp-json\/wp\/v2\/product_tag?post=537"}],"curies":[{"name":"wp","href":"https:\/\/api.w.org\/{rel}","templated":true}]}}