{"id":569,"date":"2024-02-26T18:23:08","date_gmt":"2024-02-26T21:23:08","guid":{"rendered":"https:\/\/agenciacnw.com.br\/site7\/?post_type=product&#038;p=569"},"modified":"2024-02-29T12:14:55","modified_gmt":"2024-02-29T15:14:55","slug":"racao-para-coelho","status":"publish","type":"product","link":"https:\/\/campoagroto.com.br\/index.php\/produto\/racao-para-coelho\/","title":{"rendered":"Ra\u00e7\u00e3o Para Coelho"},"content":{"rendered":"<p>A ra\u00e7\u00e3o para coelhos \u00e9 formulada para atender \u00e0s necessidades nutricionais espec\u00edficas desses pequenos animais herb\u00edvoros. A composi\u00e7\u00e3o da ra\u00e7\u00e3o pode variar dependendo da idade, peso, atividade e estado reprodutivo do coelho.<\/p>\n","protected":false},"excerpt":{"rendered":"<p>A ra\u00e7\u00e3o para coelhos \u00e9 formulada para atender \u00e0s necessidades nutricionais espec\u00edficas desses pequenos animais herb\u00edvoros. A composi\u00e7\u00e3o da ra\u00e7\u00e3o pode variar dependendo da idade, peso, atividade e estado reprodutivo do coelho.<\/p>\n","protected":false},"featured_media":570,"comment_status":"open","ping_status":"closed","template":"","meta":[],"product_brand":[],"product_cat":[30],"product_tag":[],"class_list":{"0":"post-569","1":"product","2":"type-product","3":"status-publish","4":"has-post-thumbnail","6":"product_cat-loja-02","8":"first","9":"instock","10":"shipping-taxable","11":"product-type-simple"},"_links":{"self":[{"href":"https:\/\/campoagroto.com.br\/index.php\/wp-json\/wp\/v2\/product\/569","targetHints":{"allow":["GET"]}}],"collection":[{"href":"https:\/\/campoagroto.com.br\/index.php\/wp-json\/wp\/v2\/product"}],"about":[{"href":"https:\/\/campoagroto.com.br\/index.php\/wp-json\/wp\/v2\/types\/product"}],"replies":[{"embeddable":true,"href":"https:\/\/campoagroto.com.br\/index.php\/wp-json\/wp\/v2\/comments?post=569"}],"wp:featuredmedia":[{"embeddable":true,"href":"https:\/\/campoagroto.com.br\/index.php\/wp-json\/wp\/v2\/media\/570"}],"wp:attachment":[{"href":"https:\/\/campoagroto.com.br\/index.php\/wp-json\/wp\/v2\/media?parent=569"}],"wp:term":[{"taxonomy":"product_brand","embeddable":true,"href":"https:\/\/campoagroto.com.br\/index.php\/wp-json\/wp\/v2\/product_brand?post=569"},{"taxonomy":"product_cat","embeddable":true,"href":"https:\/\/campoagroto.com.br\/index.php\/wp-json\/wp\/v2\/product_cat?post=569"},{"taxonomy":"product_tag","embeddable":true,"href":"https:\/\/campoagroto.com.br\/index.php\/wp-json\/wp\/v2\/product_tag?post=569"}],"curies":[{"name":"wp","href":"https:\/\/api.w.org\/{rel}","templated":true}]}}