{"id":591,"date":"2024-02-28T19:49:10","date_gmt":"2024-02-28T22:49:10","guid":{"rendered":"https:\/\/agenciacnw.com.br\/site7\/?post_type=product&#038;p=591"},"modified":"2024-02-29T12:24:02","modified_gmt":"2024-02-29T15:24:02","slug":"satis-linha-especial","status":"publish","type":"product","link":"https:\/\/campoagroto.com.br\/index.php\/produto\/satis-linha-especial\/","title":{"rendered":"Dephensor"},"content":{"rendered":"<h3>Detalhe do Produto<\/h3>\n<p>Fertilizante mineral, o Dephensor fortalece as estruturas vegetativas e, assim, confere maior toler\u00e2ncia \u00e0s plantas em condi\u00e7\u00f5es adversas, como estresse h\u00eddrico e ataque de pragas. O produto \u00e9 fonte l\u00edquida de pot\u00e1ssio e sil\u00edcio. Este \u00faltimo \u00e9 um nutriente que se acumula na parede celular da planta e, por isso, ajuda no enrijecimento do vegetal, evitando tombamentos. Utilizado para diferentes culturas, o Dephensor \u00e9 mais recomendado para gram\u00edneas.<\/p>\n<ul>\n<li>Melhora da atividade vegetativa.<\/li>\n<li>Estimula expressivamente a atividade fisiol\u00f3gica do vegetal.<\/li>\n<li>Melhora da absor\u00e7\u00e3o ativa de nutrientes.<\/li>\n<\/ul>\n","protected":false},"excerpt":{"rendered":"<h3>Detalhe do Produto<\/h3>\n<p>Fertilizante mineral, o Dephensor fortalece as estruturas vegetativas e, assim, confere maior toler\u00e2ncia \u00e0s plantas em condi\u00e7\u00f5es adversas, como estresse h\u00eddrico e ataque de pragas. O produto \u00e9 fonte l\u00edquida de pot\u00e1ssio e sil\u00edcio. Este \u00faltimo \u00e9 um nutriente que se acumula na parede celular da planta e, por isso, ajuda no enrijecimento do vegetal, evitando tombamentos. Utilizado para diferentes culturas, o Dephensor \u00e9 mais recomendado para gram\u00edneas.<\/p>\n<ul>\n<li>Melhora da atividade vegetativa.<\/li>\n<li>Estimula expressivamente a atividade fisiol\u00f3gica do vegetal.<\/li>\n<li>Melhora da absor\u00e7\u00e3o ativa de nutrientes.<\/li>\n<\/ul>\n","protected":false},"featured_media":596,"comment_status":"open","ping_status":"closed","template":"","meta":[],"product_brand":[],"product_cat":[32],"product_tag":[],"class_list":{"0":"post-591","1":"product","2":"type-product","3":"status-publish","4":"has-post-thumbnail","6":"product_cat-satis","8":"first","9":"instock","10":"shipping-taxable","11":"product-type-simple"},"_links":{"self":[{"href":"https:\/\/campoagroto.com.br\/index.php\/wp-json\/wp\/v2\/product\/591","targetHints":{"allow":["GET"]}}],"collection":[{"href":"https:\/\/campoagroto.com.br\/index.php\/wp-json\/wp\/v2\/product"}],"about":[{"href":"https:\/\/campoagroto.com.br\/index.php\/wp-json\/wp\/v2\/types\/product"}],"replies":[{"embeddable":true,"href":"https:\/\/campoagroto.com.br\/index.php\/wp-json\/wp\/v2\/comments?post=591"}],"wp:featuredmedia":[{"embeddable":true,"href":"https:\/\/campoagroto.com.br\/index.php\/wp-json\/wp\/v2\/media\/596"}],"wp:attachment":[{"href":"https:\/\/campoagroto.com.br\/index.php\/wp-json\/wp\/v2\/media?parent=591"}],"wp:term":[{"taxonomy":"product_brand","embeddable":true,"href":"https:\/\/campoagroto.com.br\/index.php\/wp-json\/wp\/v2\/product_brand?post=591"},{"taxonomy":"product_cat","embeddable":true,"href":"https:\/\/campoagroto.com.br\/index.php\/wp-json\/wp\/v2\/product_cat?post=591"},{"taxonomy":"product_tag","embeddable":true,"href":"https:\/\/campoagroto.com.br\/index.php\/wp-json\/wp\/v2\/product_tag?post=591"}],"curies":[{"name":"wp","href":"https:\/\/api.w.org\/{rel}","templated":true}]}}