{"id":649,"date":"2024-02-29T13:14:10","date_gmt":"2024-02-29T16:14:10","guid":{"rendered":"https:\/\/agenciacnw.com.br\/site7\/?post_type=product&#038;p=649"},"modified":"2024-02-29T13:14:10","modified_gmt":"2024-02-29T16:14:10","slug":"auras-2","status":"publish","type":"product","link":"https:\/\/campoagroto.com.br\/index.php\/produto\/auras-2\/","title":{"rendered":"Auras"},"content":{"rendered":"<section id=\"comp-l4rf0g5h\" class=\"comp-l4rf0g5h CohWsy wixui-column-strip\">\n<div class=\"V5AUxf\" data-testid=\"columns\">\n<div id=\"comp-l4rf0g7d\" class=\"comp-l4rf0g7d YzqVVZ wixui-column-strip__column\">\n<div class=\"\" data-mesh-id=\"comp-l4rf0g7dinlineContent\" data-testid=\"inline-content\">\n<div data-mesh-id=\"comp-l4rf0g7dinlineContent-gridContainer\" data-testid=\"mesh-container-content\">\n<div id=\"comp-l4rfzngc\" class=\"KcpHeO tz5f0K comp-l4rfzngc wixui-rich-text\" data-testid=\"richTextElement\">\n<p class=\"font_2 wixui-rich-text__text\"><span class=\"wixui-rich-text__text\"><span class=\"color_39 wixui-rich-text__text\">Fruto da parceria Embrapa e NOOA, AURAS\u00ae \u00e9 uma tecnologia de bioativo originado da caatinga que proporciona maior seguran\u00e7a no ambiente de produ\u00e7\u00e3o ao reduzir os efeitos dos estresses nas plantas, possibilitando a express\u00e3o do potencial das lavouras.<\/span><\/span><\/p>\n<p class=\"font_2 wixui-rich-text__text\"><span class=\"wixui-rich-text__text\"><span class=\"color_39 wixui-rich-text__text\">\u2022 Otimiza o uso da \u00e1gua pela planta;<\/span><\/span><\/p>\n<p class=\"font_2 wixui-rich-text__text\"><span class=\"wixui-rich-text__text\"><span class=\"color_39 wixui-rich-text__text\">\u2022\u00a0Possibilita maior prote\u00e7\u00e3o do potencial produtivo;<\/span><\/span><\/p>\n<p class=\"font_2 wixui-rich-text__text\"><span class=\"wixui-rich-text__text\"><span class=\"color_39 wixui-rich-text__text\">\u2022\u00a0Mitiga os efeitos de estresses h\u00eddricos e t\u00e9rmicos;<\/span><\/span><\/p>\n<p class=\"font_2 wixui-rich-text__text\"><span class=\"wixui-rich-text__text\"><span class=\"color_39 wixui-rich-text__text\">\u2022\u00a0A \u00fanica tecnologia de\u00a0Bacillus aryabhattai\u00a0com cepa CMAA 1363, validada pela EMBRAPA.<\/span><\/span><\/p>\n<\/div>\n<\/div>\n<\/div>\n<\/div>\n<\/div>\n<\/section>\n<div id=\"comp-l6m9na65\" class=\"MazNVa comp-l6m9na65 wixui-image\" data-angle=\"0\" data-angle-style-location=\"style\" data-screen-in-hide=\"done\">\n<div class=\"j7pOnl\" data-testid=\"linkElement\"><\/div>\n<\/div>\n<section id=\"comp-l4rfwsyh\" class=\"comp-l4rfwsyh CohWsy wixui-column-strip\">\n<div id=\"bgLayers_comp-l4rfwsyh\" class=\"if7Vw2\" data-hook=\"bgLayers\">\n<div id=\"bgMedia_comp-l4rfwsyh\" class=\"wG8dni\">Recomenda\u00e7\u00e3o de aplica\u00e7\u00e3o: 4 ml\/kg sementes de milho ou 2 a 6 ml\/kg semente de soja.<\/div>\n<\/div>\n<div class=\"V5AUxf\" data-testid=\"columns\">\n<div id=\"comp-l4rfwt9p\" class=\"comp-l4rfwt9p YzqVVZ wixui-column-strip__column\">\n<div class=\"\" data-mesh-id=\"comp-l4rfwt9pinlineContent\" data-testid=\"inline-content\">\n<div data-mesh-id=\"comp-l4rfwt9pinlineContent-gridContainer\" data-testid=\"mesh-container-content\">\n<div id=\"comp-l4sqnue5\" class=\"KcpHeO tz5f0K comp-l4sqnue5 wixui-rich-text\" data-testid=\"richTextElement\">\n<p class=\"font_2 wixui-rich-text__text\"><span class=\"wixui-rich-text__text\"><span class=\"color_36 wixui-rich-text__text\">Agitar antes de usar. Consulte a compatibilidade com outros produtos junto ao departamento t\u00e9cnico da NOOA Ci\u00eancia e Tecnologia Agr\u00edcola.<\/span><\/span><\/p>\n<\/div>\n<div id=\"comp-l4rhp3e7\" class=\"hFQZVn comp-l4rhp3e7\">\n<div class=\"nTiihL wixui-box\" data-testid=\"container-bg\"><\/div>\n<div class=\"\" data-mesh-id=\"comp-l4rhp3e7inlineContent\" data-testid=\"inline-content\">\n<div data-mesh-id=\"comp-l4rhp3e7inlineContent-gridContainer\" data-testid=\"mesh-container-content\">\n<div id=\"comp-l4sqmadc\" class=\"SsY_2i comp-l4sqmadc\">\n<div class=\"UGHfip wixui-vertical-line\">1&#215;10\u2078 UFC\/ml<\/div>\n<\/div>\n<div id=\"comp-l4sqodv7\" class=\"KcpHeO tz5f0K comp-l4sqodv7 wixui-rich-text\" data-testid=\"richTextElement\">\n<p class=\"font_2 wixui-rich-text__text\"><span class=\"wixui-rich-text__text\"><span class=\"color_36 wixui-rich-text__text\">Inoculante<\/span><\/span><\/p>\n<\/div>\n<div id=\"comp-l4sqplx9\" class=\"KcpHeO tz5f0K comp-l4sqplx9 wixui-rich-text\" data-testid=\"richTextElement\">\n<p class=\"font_2 wixui-rich-text__text\"><span class=\"wixui-rich-text__text\"><span class=\"color_36 wixui-rich-text__text\">Bacillus aryabhattai CMAA 1363<\/span><\/span><\/p>\n<\/div>\n<div id=\"comp-l4sqpz0a\" class=\"KcpHeO tz5f0K comp-l4sqpz0a wixui-rich-text\" data-testid=\"richTextElement\">\n<p class=\"font_2 wixui-rich-text__text\"><span class=\"wixui-rich-text__text\"><span class=\"color_36 wixui-rich-text__text\">Concentra\u00e7\u00e3o<\/span><\/span><\/p>\n<\/div>\n<div id=\"comp-l4sqq12j\" class=\"KcpHeO tz5f0K comp-l4sqq12j wixui-rich-text\" data-testid=\"richTextElement\">\n<p class=\"font_2 wixui-rich-text__text\"><span class=\"wixui-rich-text__text\"><span class=\"color_36 wixui-rich-text__text\">Classe<\/span><\/span><\/p>\n<\/div>\n<div id=\"comp-l4sqq27c\" class=\"KcpHeO tz5f0K comp-l4sqq27c wixui-rich-text\" data-testid=\"richTextElement\">\n<p class=\"font_2 wixui-rich-text__text\"><span class=\"wixui-rich-text__text\"><span class=\"color_36 wixui-rich-text__text\">Ativo<\/span><\/span><\/p>\n<\/div>\n<\/div>\n<\/div>\n<\/div>\n<div id=\"comp-l4ss6c7d\" class=\"KcpHeO tz5f0K comp-l4ss6c7d wixui-rich-text\" data-testid=\"richTextElement\">\n<p class=\"font_2 wixui-rich-text__text\"><span class=\"wixui-rich-text__text\"><span class=\"color_36 wixui-rich-text__text\">AURAS\u200b cont\u00e9m o isolado Bacillus aryabhattai\u00a0CMAA 1363, licenciado pela Embrapa e comercializado pela NOOA Ci\u00eancia e Tecnologia Agr\u00edcola.<\/span><\/span><\/p>\n<\/div>\n<\/div>\n<\/div>\n<\/div>\n<\/div>\n<\/section>\n","protected":false},"excerpt":{"rendered":"<p>Fruto da parceria Embrapa e NOOA, AURAS\u00ae \u00e9 uma tecnologia de bioativo originado da caatinga que proporciona maior seguran\u00e7a no ambiente de produ\u00e7\u00e3o ao reduzir os efeitos dos estresses nas plantas, possibilitando a express\u00e3o do potencial das lavouras. \u2022 Otimiza o uso da \u00e1gua pela planta; \u2022\u00a0Possibilita maior prote\u00e7\u00e3o do potencial produtivo; \u2022\u00a0Mitiga os efeitos [&hellip;]<\/p>\n","protected":false},"featured_media":604,"comment_status":"open","ping_status":"closed","template":"","meta":[],"product_brand":[],"product_cat":[31],"product_tag":[],"class_list":{"0":"post-649","1":"product","2":"type-product","3":"status-publish","4":"has-post-thumbnail","6":"product_cat-nooa","8":"first","9":"instock","10":"shipping-taxable","11":"product-type-simple"},"_links":{"self":[{"href":"https:\/\/campoagroto.com.br\/index.php\/wp-json\/wp\/v2\/product\/649","targetHints":{"allow":["GET"]}}],"collection":[{"href":"https:\/\/campoagroto.com.br\/index.php\/wp-json\/wp\/v2\/product"}],"about":[{"href":"https:\/\/campoagroto.com.br\/index.php\/wp-json\/wp\/v2\/types\/product"}],"replies":[{"embeddable":true,"href":"https:\/\/campoagroto.com.br\/index.php\/wp-json\/wp\/v2\/comments?post=649"}],"wp:featuredmedia":[{"embeddable":true,"href":"https:\/\/campoagroto.com.br\/index.php\/wp-json\/wp\/v2\/media\/604"}],"wp:attachment":[{"href":"https:\/\/campoagroto.com.br\/index.php\/wp-json\/wp\/v2\/media?parent=649"}],"wp:term":[{"taxonomy":"product_brand","embeddable":true,"href":"https:\/\/campoagroto.com.br\/index.php\/wp-json\/wp\/v2\/product_brand?post=649"},{"taxonomy":"product_cat","embeddable":true,"href":"https:\/\/campoagroto.com.br\/index.php\/wp-json\/wp\/v2\/product_cat?post=649"},{"taxonomy":"product_tag","embeddable":true,"href":"https:\/\/campoagroto.com.br\/index.php\/wp-json\/wp\/v2\/product_tag?post=649"}],"curies":[{"name":"wp","href":"https:\/\/api.w.org\/{rel}","templated":true}]}}