{"id":650,"date":"2024-02-29T13:53:07","date_gmt":"2024-02-29T16:53:07","guid":{"rendered":"https:\/\/agenciacnw.com.br\/site7\/?post_type=product&#038;p=650"},"modified":"2024-02-29T14:10:04","modified_gmt":"2024-02-29T17:10:04","slug":"phosmix","status":"publish","type":"product","link":"https:\/\/campoagroto.com.br\/index.php\/produto\/phosmix\/","title":{"rendered":"Phosmix"},"content":{"rendered":"<p>Fertilizantes minerais desenvolvidos por mistura entre fontes de nutrientes, o que inclui macronutrientes (N, P, K, Ca, Mg e S) e micronutrientes (B, Cu, Mn, Mo e Zn)<\/p>\n<h3 class=\"title-verde\">Essa fam\u00edlia tem diversas formula\u00e7\u00f5es NPK + micronutrientes, o que atende a necessidade de diferentes tipos de manejos e proporciona:<\/h3>\n<ul class=\"headline\" role=\"list\">\n<li>Nutrientes na medida certa<\/li>\n<li>Qualidade e garantia dos nutrientes<\/li>\n<li>Solubilidade de micronutrientes<\/li>\n<li>Flexibilidade para atender demandas espec\u00edficas.<\/li>\n<\/ul>\n","protected":false},"excerpt":{"rendered":"<p>Fertilizantes minerais desenvolvidos por mistura entre fontes de nutrientes, o que inclui macronutrientes (N, P, K, Ca, Mg e S) e micronutrientes (B, Cu, Mn, Mo e Zn) Essa fam\u00edlia tem diversas formula\u00e7\u00f5es NPK + micronutrientes, o que atende a necessidade de diferentes tipos de manejos e proporciona: Nutrientes na medida certa Qualidade e garantia [&hellip;]<\/p>\n","protected":false},"featured_media":661,"comment_status":"open","ping_status":"closed","template":"","meta":[],"product_brand":[],"product_cat":[29],"product_tag":[],"class_list":{"0":"post-650","1":"product","2":"type-product","3":"status-publish","4":"has-post-thumbnail","6":"product_cat-galvani","8":"first","9":"instock","10":"shipping-taxable","11":"product-type-simple"},"_links":{"self":[{"href":"https:\/\/campoagroto.com.br\/index.php\/wp-json\/wp\/v2\/product\/650","targetHints":{"allow":["GET"]}}],"collection":[{"href":"https:\/\/campoagroto.com.br\/index.php\/wp-json\/wp\/v2\/product"}],"about":[{"href":"https:\/\/campoagroto.com.br\/index.php\/wp-json\/wp\/v2\/types\/product"}],"replies":[{"embeddable":true,"href":"https:\/\/campoagroto.com.br\/index.php\/wp-json\/wp\/v2\/comments?post=650"}],"wp:featuredmedia":[{"embeddable":true,"href":"https:\/\/campoagroto.com.br\/index.php\/wp-json\/wp\/v2\/media\/661"}],"wp:attachment":[{"href":"https:\/\/campoagroto.com.br\/index.php\/wp-json\/wp\/v2\/media?parent=650"}],"wp:term":[{"taxonomy":"product_brand","embeddable":true,"href":"https:\/\/campoagroto.com.br\/index.php\/wp-json\/wp\/v2\/product_brand?post=650"},{"taxonomy":"product_cat","embeddable":true,"href":"https:\/\/campoagroto.com.br\/index.php\/wp-json\/wp\/v2\/product_cat?post=650"},{"taxonomy":"product_tag","embeddable":true,"href":"https:\/\/campoagroto.com.br\/index.php\/wp-json\/wp\/v2\/product_tag?post=650"}],"curies":[{"name":"wp","href":"https:\/\/api.w.org\/{rel}","templated":true}]}}