{"id":652,"date":"2024-02-29T13:59:03","date_gmt":"2024-02-29T16:59:03","guid":{"rendered":"https:\/\/agenciacnw.com.br\/site7\/?post_type=product&#038;p=652"},"modified":"2024-02-29T14:11:08","modified_gmt":"2024-02-29T17:11:08","slug":"phosgrao","status":"publish","type":"product","link":"https:\/\/campoagroto.com.br\/index.php\/produto\/phosgrao\/","title":{"rendered":"Phosgr\u00e3o"},"content":{"rendered":"<p class=\"destaque__produto-tag\">Nutri\u00e7\u00e3o + completa e equilibrada. Proporciona uma distribui\u00e7\u00e3o de nutrientes mais uniforme na lavoura<\/p>\n<div class=\"destaque__produto-flex\">\n<h3 class=\"title-verde\">At\u00e9 10 nutrientes no mesmo gr\u00e2nulo<\/h3>\n<div class=\"flex--sb\">\n<div class=\"col-50\">\n<ul role=\"list\">\n<li>Nitrog\u00eanio<\/li>\n<li>F\u00f3sforo<\/li>\n<li>Pot\u00e1ssio<\/li>\n<li>C\u00e1lcio<\/li>\n<li>Magn\u00e9sio<\/li>\n<li>Enxofre<\/li>\n<\/ul>\n<\/div>\n<div class=\"col-50\">\n<ul role=\"list\">\n<li>Boro<\/li>\n<li>Cobre<\/li>\n<li>Mangan\u00eas<\/li>\n<li>Zinco<\/li>\n<\/ul>\n<\/div>\n<\/div>\n<\/div>\n","protected":false},"excerpt":{"rendered":"<p>Nutri\u00e7\u00e3o + completa e equilibrada. Proporciona uma distribui\u00e7\u00e3o de nutrientes mais uniforme na lavoura At\u00e9 10 nutrientes no mesmo gr\u00e2nulo Nitrog\u00eanio F\u00f3sforo Pot\u00e1ssio C\u00e1lcio Magn\u00e9sio Enxofre Boro Cobre Mangan\u00eas Zinco<\/p>\n","protected":false},"featured_media":662,"comment_status":"open","ping_status":"closed","template":"","meta":[],"product_brand":[],"product_cat":[29],"product_tag":[],"class_list":{"0":"post-652","1":"product","2":"type-product","3":"status-publish","4":"has-post-thumbnail","6":"product_cat-galvani","8":"first","9":"instock","10":"shipping-taxable","11":"product-type-simple"},"_links":{"self":[{"href":"https:\/\/campoagroto.com.br\/index.php\/wp-json\/wp\/v2\/product\/652","targetHints":{"allow":["GET"]}}],"collection":[{"href":"https:\/\/campoagroto.com.br\/index.php\/wp-json\/wp\/v2\/product"}],"about":[{"href":"https:\/\/campoagroto.com.br\/index.php\/wp-json\/wp\/v2\/types\/product"}],"replies":[{"embeddable":true,"href":"https:\/\/campoagroto.com.br\/index.php\/wp-json\/wp\/v2\/comments?post=652"}],"wp:featuredmedia":[{"embeddable":true,"href":"https:\/\/campoagroto.com.br\/index.php\/wp-json\/wp\/v2\/media\/662"}],"wp:attachment":[{"href":"https:\/\/campoagroto.com.br\/index.php\/wp-json\/wp\/v2\/media?parent=652"}],"wp:term":[{"taxonomy":"product_brand","embeddable":true,"href":"https:\/\/campoagroto.com.br\/index.php\/wp-json\/wp\/v2\/product_brand?post=652"},{"taxonomy":"product_cat","embeddable":true,"href":"https:\/\/campoagroto.com.br\/index.php\/wp-json\/wp\/v2\/product_cat?post=652"},{"taxonomy":"product_tag","embeddable":true,"href":"https:\/\/campoagroto.com.br\/index.php\/wp-json\/wp\/v2\/product_tag?post=652"}],"curies":[{"name":"wp","href":"https:\/\/api.w.org\/{rel}","templated":true}]}}