{"id":655,"date":"2024-02-29T14:03:15","date_gmt":"2024-02-29T17:03:15","guid":{"rendered":"https:\/\/agenciacnw.com.br\/site7\/?post_type=product&#038;p=655"},"modified":"2024-02-29T14:12:41","modified_gmt":"2024-02-29T17:12:41","slug":"gr","status":"publish","type":"product","link":"https:\/\/campoagroto.com.br\/index.php\/produto\/gr\/","title":{"rendered":"GR"},"content":{"rendered":"<p>Fertilizantes minerais com macronutrientes no mesmo gr\u00e2nulo<\/p>\n<p class=\"headline\">\u00d3tima op\u00e7\u00e3o para corre\u00e7\u00e3o de P no solo e disponibiliza\u00e7\u00e3o de\u00a0S-SO<sub>4<\/sub><sup>2-<\/sup>e Ca em todo perfil do solo.<\/p>\n<p class=\"headline\">Simplicidade para realizar ajustes desses nutrientes no solo e manter adequada nutri\u00e7\u00e3o fosfatada das culturas.<\/p>\n<p class=\"title-center\">Esses fertilizantes te atender\u00e1 perfeitamente se sua necessidade est\u00e1 em apenas f\u00f3sforo (P), c\u00e1lcio (Ca) e enxofre (S).<\/p>\n","protected":false},"excerpt":{"rendered":"<p>Fertilizantes minerais com macronutrientes no mesmo gr\u00e2nulo \u00d3tima op\u00e7\u00e3o para corre\u00e7\u00e3o de P no solo e disponibiliza\u00e7\u00e3o de\u00a0S-SO42-e Ca em todo perfil do solo. Simplicidade para realizar ajustes desses nutrientes no solo e manter adequada nutri\u00e7\u00e3o fosfatada das culturas. Esses fertilizantes te atender\u00e1 perfeitamente se sua necessidade est\u00e1 em apenas f\u00f3sforo (P), c\u00e1lcio (Ca) e [&hellip;]<\/p>\n","protected":false},"featured_media":663,"comment_status":"open","ping_status":"closed","template":"","meta":[],"product_brand":[],"product_cat":[29],"product_tag":[],"class_list":{"0":"post-655","1":"product","2":"type-product","3":"status-publish","4":"has-post-thumbnail","6":"product_cat-galvani","8":"first","9":"instock","10":"shipping-taxable","11":"product-type-simple"},"_links":{"self":[{"href":"https:\/\/campoagroto.com.br\/index.php\/wp-json\/wp\/v2\/product\/655","targetHints":{"allow":["GET"]}}],"collection":[{"href":"https:\/\/campoagroto.com.br\/index.php\/wp-json\/wp\/v2\/product"}],"about":[{"href":"https:\/\/campoagroto.com.br\/index.php\/wp-json\/wp\/v2\/types\/product"}],"replies":[{"embeddable":true,"href":"https:\/\/campoagroto.com.br\/index.php\/wp-json\/wp\/v2\/comments?post=655"}],"wp:featuredmedia":[{"embeddable":true,"href":"https:\/\/campoagroto.com.br\/index.php\/wp-json\/wp\/v2\/media\/663"}],"wp:attachment":[{"href":"https:\/\/campoagroto.com.br\/index.php\/wp-json\/wp\/v2\/media?parent=655"}],"wp:term":[{"taxonomy":"product_brand","embeddable":true,"href":"https:\/\/campoagroto.com.br\/index.php\/wp-json\/wp\/v2\/product_brand?post=655"},{"taxonomy":"product_cat","embeddable":true,"href":"https:\/\/campoagroto.com.br\/index.php\/wp-json\/wp\/v2\/product_cat?post=655"},{"taxonomy":"product_tag","embeddable":true,"href":"https:\/\/campoagroto.com.br\/index.php\/wp-json\/wp\/v2\/product_tag?post=655"}],"curies":[{"name":"wp","href":"https:\/\/api.w.org\/{rel}","templated":true}]}}