{"id":664,"date":"2024-02-29T14:46:27","date_gmt":"2024-02-29T17:46:27","guid":{"rendered":"https:\/\/agenciacnw.com.br\/site7\/?post_type=product&#038;p=664"},"modified":"2024-02-29T15:12:02","modified_gmt":"2024-02-29T18:12:02","slug":"dkb-235-pro3","status":"publish","type":"product","link":"https:\/\/campoagroto.com.br\/index.php\/produto\/dkb-235-pro3\/","title":{"rendered":"DKB 235 PRO3"},"content":{"rendered":"<div id=\"product-strengths\" class=\"Strengths_top-margin__Unmb8 MuiBox-root css-0\">\n<div class=\"MuiBox-root css-0\">\n<div class=\"lmnt-expansion-panel__content\">\n<div class=\"lmnt-expansion-panel__content-inner\">\n<div class=\"lmnt lmnt-padding lmnt-padding--standard\">\n<div>\n<div class=\"lmnt-expansion-panel__trigger\" tabindex=\"0\" role=\"menuitem\">\n<div class=\"MuiBox-root css-fbm3l8\">\n<div class=\"lmnt-expansion-panel__trigger\" tabindex=\"0\" role=\"menuitem\">\n<div class=\"Overview_maturity-season-container__ZiGP_ MuiBox-root css-0\"><span id=\"maturity\" class=\"mdc-typography lmnt mdc-typography--body1 Overview_maturity-label__fZ8iz\">Grupo de Matura\u00e7\u00e3o:<\/span><span class=\"mdc-typography lmnt mdc-typography--body1 Overview_maturity-value__7pkWH\" aria-labelledby=\"maturity\">128<\/span><\/div>\n<div class=\"Overview_maturity-season-container__ZiGP_ MuiBox-root css-0\"><span class=\"mdc-typography lmnt mdc-typography--body1 Overview_maturity-value__7pkWH\" aria-labelledby=\"season\">Safra: VER\u00c3O SUBTROPICAL (BR)<\/span><\/div>\n<\/div>\n<\/div>\n<div><\/div>\n<div>Pontos Fortes:<\/div>\n<\/div>\n<\/div>\n<\/div>\n<div>\n<div class=\"MuiBox-root css-0\">\n<div class=\"IconBulletList_container__2fEEm undefined MuiBox-root css-0\">\n<div class=\"IconBulletList_list-item-wrap__TRuGR MuiBox-root css-0\"><span class=\"mdc-typography lmnt mdc-typography--body1 IconBulletList_bullet-icon__iyy82\">\u2022Super precoce<\/span>\u00a0r\u00e1pido<\/div>\n<div class=\"IconBulletList_list-item-wrap__TRuGR MuiBox-root css-0\"><span class=\"mdc-typography lmnt mdc-typography--body1 IconBulletList_bullet-icon__iyy82\">\u2022<\/span>Alto potencial produtivo associado a estabilidade<\/div>\n<div class=\"IconBulletList_list-item-wrap__TRuGR MuiBox-root css-0\"><span class=\"mdc-typography lmnt mdc-typography--body1 IconBulletList_bullet-icon__iyy82\">\u2022<\/span>Toler\u00e2ncia a Turcicum<\/div>\n<\/div>\n<div>\n<div class=\"lmnt-expansion-panel__trigger\" tabindex=\"0\" role=\"menuitem\">\n<ul>\n<li class=\"lmnt mdc-list-item lmnt-theme--bg mdc-list-item--with-one-line mdc-list-item--non-interactive mdc-list-item--with-trailing-icon lmnt-list-item__no-hover lmnt-list-item--wrap mdc-ripple-upgraded\" tabindex=\"0\" role=\"option\" aria-checked=\"false\" data-testid=\"expansion-item\">\n<div class=\"MuiBox-root css-fbm3l8\"><span class=\"mdc-typography lmnt mdc-typography--body1 mdc-typography--body1-bold\">Caracter\u00edsticas Agron\u00f4micas<\/span><span class=\"mdc-typography lmnt mdc-typography--body1 mdc-theme--text-primary-on-light\">(Nome Do Corte + 14)<\/span><\/div>\n<\/li>\n<\/ul>\n<\/div>\n<div class=\"lmnt-expansion-panel__content\">\n<div class=\"lmnt-expansion-panel__content-inner\">\n<div class=\"lmnt lmnt-padding lmnt-padding--standard\">\n<div class=\"CharacteristicGrid_molecule--characteristic-grid__FHAUB\">\n<div class=\"Characteristic_molecule--characteristic__cG1cv\"><span class=\"mdc-typography lmnt mdc-typography--body1 mdc-typography--body1-bold Characteristic_characteristic-value__xN6QF\">SILAGE: <\/span><span class=\"mdc-typography lmnt mdc-typography--body1 Characteristic_characteristic-name__mdGKG\">Nome Do Corte<\/span><\/div>\n<div class=\"Characteristic_molecule--characteristic__cG1cv\"><span class=\"mdc-typography lmnt mdc-typography--body1 mdc-typography--body1-bold Characteristic_characteristic-value__xN6QF\">83: <\/span><span class=\"mdc-typography lmnt mdc-typography--body1 Characteristic_characteristic-name__mdGKG\">Flora\u00e7\u00e3o Feminina<\/span><\/div>\n<div class=\"Characteristic_molecule--characteristic__cG1cv\"><span class=\"mdc-typography lmnt mdc-typography--body1 mdc-typography--body1-bold Characteristic_characteristic-value__xN6QF\">84: <\/span><span class=\"mdc-typography lmnt mdc-typography--body1 Characteristic_characteristic-name__mdGKG\">Flora\u00e7\u00e3o Masculina<\/span><\/div>\n<div class=\"Characteristic_molecule--characteristic__cG1cv\"><span class=\"mdc-typography lmnt mdc-typography--body1 mdc-typography--body1-bold Characteristic_characteristic-value__xN6QF\">Semi-Dentado: <\/span><span class=\"mdc-typography lmnt mdc-typography--body1 Characteristic_characteristic-name__mdGKG\">Tipo De Gr\u00e3o<\/span><\/div>\n<div class=\"Characteristic_molecule--characteristic__cG1cv\"><span class=\"mdc-typography lmnt mdc-typography--body1 mdc-typography--body1-bold Characteristic_characteristic-value__xN6QF\">374: <\/span><span class=\"mdc-typography lmnt mdc-typography--body1 Characteristic_characteristic-name__mdGKG\">Peso De 1000 Gr\u00e3os<\/span><\/div>\n<div class=\"Characteristic_molecule--characteristic__cG1cv\"><span class=\"mdc-typography lmnt mdc-typography--body1 mdc-typography--body1-bold Characteristic_characteristic-value__xN6QF\">Reta: <\/span><span class=\"mdc-typography lmnt mdc-typography--body1 Characteristic_characteristic-name__mdGKG\">Arquitetura Foliar<\/span><\/div>\n<div class=\"Characteristic_molecule--characteristic__cG1cv\"><span class=\"mdc-typography lmnt mdc-typography--body1 mdc-typography--body1-bold Characteristic_characteristic-value__xN6QF\">Amarelo Alaranjado : <\/span><span class=\"mdc-typography lmnt mdc-typography--body1 Characteristic_characteristic-name__mdGKG\">Cor Do Gr\u00e3o<\/span><\/div>\n<div class=\"Characteristic_molecule--characteristic__cG1cv\"><span class=\"mdc-typography lmnt mdc-typography--body1 mdc-typography--body1-bold Characteristic_characteristic-value__xN6QF\">128: <\/span><span class=\"mdc-typography lmnt mdc-typography--body1 Characteristic_characteristic-name__mdGKG\">Maturidade Relativa<\/span><\/div>\n<div class=\"Characteristic_molecule--characteristic__cG1cv\"><span class=\"mdc-typography lmnt mdc-typography--body1 mdc-typography--body1-bold Characteristic_characteristic-value__xN6QF\">Bom: <\/span><span class=\"mdc-typography lmnt mdc-typography--body1 Characteristic_characteristic-name__mdGKG\">Empalhamento<\/span><\/div>\n<div class=\"Characteristic_molecule--characteristic__cG1cv\"><span class=\"mdc-typography lmnt mdc-typography--body1 mdc-typography--body1-bold Characteristic_characteristic-value__xN6QF\">Super precoce R\u00e1pido: Ciclo<\/span><\/div>\n<div class=\"Characteristic_molecule--characteristic__cG1cv\"><span class=\"mdc-typography lmnt mdc-typography--body1 mdc-typography--body1-bold Characteristic_characteristic-value__xN6QF\">864: <\/span><span class=\"mdc-typography lmnt mdc-typography--body1 Characteristic_characteristic-name__mdGKG\">Emerg\u00eancia Gdu Para Flora\u00e7\u00e3o<\/span><\/div>\n<div class=\"Characteristic_molecule--characteristic__cG1cv\"><span class=\"mdc-typography lmnt mdc-typography--body1 mdc-typography--body1-bold Characteristic_characteristic-value__xN6QF\">245: <\/span><span class=\"mdc-typography lmnt mdc-typography--body1 Characteristic_characteristic-name__mdGKG\">Altura Da Planta (Cm)<\/span><\/div>\n<div class=\"Characteristic_molecule--characteristic__cG1cv\"><span class=\"mdc-typography lmnt mdc-typography--body1 mdc-typography--body1-bold Characteristic_characteristic-value__xN6QF\">126: <\/span><span class=\"mdc-typography lmnt mdc-typography--body1 Characteristic_characteristic-name__mdGKG\">Altura De Inser\u00e7\u00e3o Do Espig\u00e3o (Cm)<\/span><\/div>\n<div class=\"Characteristic_molecule--characteristic__cG1cv\"><span class=\"mdc-typography lmnt mdc-typography--body1 mdc-typography--body1-bold Characteristic_characteristic-value__xN6QF\">Ver\u00e3o Subtropical (BR)<\/span><span class=\"mdc-typography lmnt mdc-typography--body1 Characteristic_characteristic-name__mdGKG\">Regi\u00e3o Recomendada<\/span><\/div>\n<div class=\"Characteristic_molecule--characteristic__cG1cv\"><span class=\"mdc-typography lmnt mdc-typography--body1 mdc-typography--body1-bold Characteristic_characteristic-value__xN6QF\">871: <\/span><span class=\"mdc-typography lmnt mdc-typography--body1 Characteristic_characteristic-name__mdGKG\">Dry Down<\/span><\/div>\n<\/div>\n<\/div>\n<\/div>\n<\/div>\n<\/div>\n<div><\/div>\n<div><span class=\"mdc-typography lmnt mdc-typography--body1 mdc-typography--body1-bold\">Ref\u00fagio <\/span><span class=\"mdc-typography lmnt mdc-typography--body1 mdc-theme--text-primary-on-light\">Variedade : 1<\/span><\/div>\n<\/div>\n<\/div>\n<\/div>\n<\/div>\n<\/div>\n<\/div>\n<div class=\"lmnt-expansion-panel__content\">\n<div class=\"lmnt-expansion-panel__content-inner\">\n<div class=\"lmnt lmnt-padding lmnt-padding--standard\">\n<div class=\"CharacteristicGrid_molecule--characteristic-grid__FHAUB\">\n<div class=\"Characteristic_molecule--characteristic__cG1cv\"><\/div>\n<\/div>\n<\/div>\n<\/div>\n<\/div>\n<hr class=\"lmnt lmnt-divider lmnt-divider--dense lmnt-divider--on-surface-stroke\" \/>\n<div class=\"MuiBox-root css-0\" data-html2canvas-ignore=\"true\"><\/div>\n","protected":false},"excerpt":{"rendered":"<p>Grupo de Matura\u00e7\u00e3o:128 Safra: VER\u00c3O SUBTROPICAL (BR) Pontos Fortes: \u2022Super precoce\u00a0r\u00e1pido \u2022Alto potencial produtivo associado a estabilidade \u2022Toler\u00e2ncia a Turcicum Caracter\u00edsticas Agron\u00f4micas(Nome Do Corte + 14) SILAGE: Nome Do Corte 83: Flora\u00e7\u00e3o Feminina 84: Flora\u00e7\u00e3o Masculina Semi-Dentado: Tipo De Gr\u00e3o 374: Peso De 1000 Gr\u00e3os Reta: Arquitetura Foliar Amarelo Alaranjado : Cor Do Gr\u00e3o 128: [&hellip;]<\/p>\n","protected":false},"featured_media":669,"comment_status":"open","ping_status":"closed","template":"","meta":[],"product_brand":[],"product_cat":[28],"product_tag":[],"class_list":{"0":"post-664","1":"product","2":"type-product","3":"status-publish","4":"has-post-thumbnail","6":"product_cat-dekalb","8":"first","9":"instock","10":"shipping-taxable","11":"product-type-simple"},"_links":{"self":[{"href":"https:\/\/campoagroto.com.br\/index.php\/wp-json\/wp\/v2\/product\/664","targetHints":{"allow":["GET"]}}],"collection":[{"href":"https:\/\/campoagroto.com.br\/index.php\/wp-json\/wp\/v2\/product"}],"about":[{"href":"https:\/\/campoagroto.com.br\/index.php\/wp-json\/wp\/v2\/types\/product"}],"replies":[{"embeddable":true,"href":"https:\/\/campoagroto.com.br\/index.php\/wp-json\/wp\/v2\/comments?post=664"}],"wp:featuredmedia":[{"embeddable":true,"href":"https:\/\/campoagroto.com.br\/index.php\/wp-json\/wp\/v2\/media\/669"}],"wp:attachment":[{"href":"https:\/\/campoagroto.com.br\/index.php\/wp-json\/wp\/v2\/media?parent=664"}],"wp:term":[{"taxonomy":"product_brand","embeddable":true,"href":"https:\/\/campoagroto.com.br\/index.php\/wp-json\/wp\/v2\/product_brand?post=664"},{"taxonomy":"product_cat","embeddable":true,"href":"https:\/\/campoagroto.com.br\/index.php\/wp-json\/wp\/v2\/product_cat?post=664"},{"taxonomy":"product_tag","embeddable":true,"href":"https:\/\/campoagroto.com.br\/index.php\/wp-json\/wp\/v2\/product_tag?post=664"}],"curies":[{"name":"wp","href":"https:\/\/api.w.org\/{rel}","templated":true}]}}