{"id":688,"date":"2024-02-29T15:29:32","date_gmt":"2024-02-29T18:29:32","guid":{"rendered":"https:\/\/agenciacnw.com.br\/site7\/?post_type=product&#038;p=688"},"modified":"2024-02-29T15:29:32","modified_gmt":"2024-02-29T18:29:32","slug":"tmg-2379-ipro","status":"publish","type":"product","link":"https:\/\/campoagroto.com.br\/index.php\/produto\/tmg-2379-ipro\/","title":{"rendered":"TMG 2379 IPRO"},"content":{"rendered":"<p>A semente de soja TMG 2379 IPRO \u00e9 uma variedade de soja geneticamente modificada, desenvolvida com a mais recente tecnologia agr\u00edcola para oferecer um desempenho excepcional no campo. Esta variedade destaca-se por sua capacidade de adapta\u00e7\u00e3o a uma ampla gama de condi\u00e7\u00f5es de cultivo, permitindo aos agricultores obterem resultados consistentes e de alta qualidade.<\/p>\n<p>A TMG 2379 IPRO foi projetada para ser resistente a determinadas pragas e a herbicidas espec\u00edficos, proporcionando aos agricultores maior facilidade no manejo de cultivos, reduzindo os riscos associados a perdas por esses fatores. Sua resist\u00eancia a herbicidas tamb\u00e9m permite um controle eficaz das plantas daninhas, o que contribui para um ambiente de cultivo mais limpo e saud\u00e1vel.<\/p>\n","protected":false},"excerpt":{"rendered":"<p>A semente de soja TMG 2379 IPRO \u00e9 uma variedade de soja geneticamente modificada, desenvolvida com a mais recente tecnologia agr\u00edcola para oferecer um desempenho excepcional no campo. Esta variedade destaca-se por sua capacidade de adapta\u00e7\u00e3o a uma ampla gama de condi\u00e7\u00f5es de cultivo, permitindo aos agricultores obterem resultados consistentes e de alta qualidade. A [&hellip;]<\/p>\n","protected":false},"featured_media":689,"comment_status":"open","ping_status":"closed","template":"","meta":[],"product_brand":[],"product_cat":[33],"product_tag":[],"class_list":{"0":"post-688","1":"product","2":"type-product","3":"status-publish","4":"has-post-thumbnail","6":"product_cat-talisma","8":"first","9":"instock","10":"shipping-taxable","11":"product-type-simple"},"_links":{"self":[{"href":"https:\/\/campoagroto.com.br\/index.php\/wp-json\/wp\/v2\/product\/688","targetHints":{"allow":["GET"]}}],"collection":[{"href":"https:\/\/campoagroto.com.br\/index.php\/wp-json\/wp\/v2\/product"}],"about":[{"href":"https:\/\/campoagroto.com.br\/index.php\/wp-json\/wp\/v2\/types\/product"}],"replies":[{"embeddable":true,"href":"https:\/\/campoagroto.com.br\/index.php\/wp-json\/wp\/v2\/comments?post=688"}],"wp:featuredmedia":[{"embeddable":true,"href":"https:\/\/campoagroto.com.br\/index.php\/wp-json\/wp\/v2\/media\/689"}],"wp:attachment":[{"href":"https:\/\/campoagroto.com.br\/index.php\/wp-json\/wp\/v2\/media?parent=688"}],"wp:term":[{"taxonomy":"product_brand","embeddable":true,"href":"https:\/\/campoagroto.com.br\/index.php\/wp-json\/wp\/v2\/product_brand?post=688"},{"taxonomy":"product_cat","embeddable":true,"href":"https:\/\/campoagroto.com.br\/index.php\/wp-json\/wp\/v2\/product_cat?post=688"},{"taxonomy":"product_tag","embeddable":true,"href":"https:\/\/campoagroto.com.br\/index.php\/wp-json\/wp\/v2\/product_tag?post=688"}],"curies":[{"name":"wp","href":"https:\/\/api.w.org\/{rel}","templated":true}]}}