{"id":698,"date":"2024-02-29T15:37:20","date_gmt":"2024-02-29T18:37:20","guid":{"rendered":"https:\/\/agenciacnw.com.br\/site7\/?post_type=product&#038;p=698"},"modified":"2024-02-29T15:37:20","modified_gmt":"2024-02-29T18:37:20","slug":"gh-2384-ipro","status":"publish","type":"product","link":"https:\/\/campoagroto.com.br\/index.php\/produto\/gh-2384-ipro\/","title":{"rendered":"GH 2384 IPRO"},"content":{"rendered":"<p>A semente de soja GH 2384 IPRO \u00e9 uma variedade de alta performance desenvolvida pela renomada empresa Talism\u00e3 Sementes, projetada para atender \u00e0s demandas dos agricultores modernos em busca de produtividade e efici\u00eancia. Esta variedade representa o resultado de d\u00e9cadas de pesquisa e desenvolvimento, combinando tecnologia gen\u00e9tica avan\u00e7ada com um cuidadoso processo de sele\u00e7\u00e3o para oferecer uma solu\u00e7\u00e3o confi\u00e1vel e de alto rendimento.<\/p>\n<p>Uma das principais caracter\u00edsticas da GH 2384 IPRO \u00e9 sua resist\u00eancia integrada a pragas e doen\u00e7as, o que proporciona uma prote\u00e7\u00e3o abrangente \u00e0s plantas durante todo o ciclo de cultivo. Esta resist\u00eancia permite aos agricultores reduzir a necessidade de aplica\u00e7\u00e3o de defensivos agr\u00edcolas, promovendo pr\u00e1ticas mais sustent\u00e1veis e econ\u00f4micas.<\/p>\n","protected":false},"excerpt":{"rendered":"<p>A semente de soja GH 2384 IPRO \u00e9 uma variedade de alta performance desenvolvida pela renomada empresa Talism\u00e3 Sementes, projetada para atender \u00e0s demandas dos agricultores modernos em busca de produtividade e efici\u00eancia. Esta variedade representa o resultado de d\u00e9cadas de pesquisa e desenvolvimento, combinando tecnologia gen\u00e9tica avan\u00e7ada com um cuidadoso processo de sele\u00e7\u00e3o para [&hellip;]<\/p>\n","protected":false},"featured_media":699,"comment_status":"open","ping_status":"closed","template":"","meta":[],"product_brand":[],"product_cat":[33],"product_tag":[],"class_list":{"0":"post-698","1":"product","2":"type-product","3":"status-publish","4":"has-post-thumbnail","6":"product_cat-talisma","8":"first","9":"instock","10":"shipping-taxable","11":"product-type-simple"},"_links":{"self":[{"href":"https:\/\/campoagroto.com.br\/index.php\/wp-json\/wp\/v2\/product\/698","targetHints":{"allow":["GET"]}}],"collection":[{"href":"https:\/\/campoagroto.com.br\/index.php\/wp-json\/wp\/v2\/product"}],"about":[{"href":"https:\/\/campoagroto.com.br\/index.php\/wp-json\/wp\/v2\/types\/product"}],"replies":[{"embeddable":true,"href":"https:\/\/campoagroto.com.br\/index.php\/wp-json\/wp\/v2\/comments?post=698"}],"wp:featuredmedia":[{"embeddable":true,"href":"https:\/\/campoagroto.com.br\/index.php\/wp-json\/wp\/v2\/media\/699"}],"wp:attachment":[{"href":"https:\/\/campoagroto.com.br\/index.php\/wp-json\/wp\/v2\/media?parent=698"}],"wp:term":[{"taxonomy":"product_brand","embeddable":true,"href":"https:\/\/campoagroto.com.br\/index.php\/wp-json\/wp\/v2\/product_brand?post=698"},{"taxonomy":"product_cat","embeddable":true,"href":"https:\/\/campoagroto.com.br\/index.php\/wp-json\/wp\/v2\/product_cat?post=698"},{"taxonomy":"product_tag","embeddable":true,"href":"https:\/\/campoagroto.com.br\/index.php\/wp-json\/wp\/v2\/product_tag?post=698"}],"curies":[{"name":"wp","href":"https:\/\/api.w.org\/{rel}","templated":true}]}}